 5*k - 2*k. Let g = -108 - k. Let w = 129 - g. List the prime factors of w.
5, 29
Let s(c) be the second derivative of 19*c**4/3 - c**3/2 - 5*c**2/2 - c + 14. List the prime factors of s(-2).
5, 61
Let l = -2308 + 6700. List the prime factors of l.
2, 3, 61
Let l(w) = -2*w**2 + 38*w - 15. Let i = 42 - 59. Let a be 3 - (-4)/(-4) - (i - -1). List the prime factors of l(a).
3, 7
Let d = -2264 + 4197. What are the prime factors of d?
1933
Let q = 4499 + 75172. List the prime factors of q.
3, 26557
Let z(t) = -2*t**2 - 63*t + 6. List the prime factors of z(-6).
2, 3, 13
Let k = -12 - -12. Suppose 5*d - 280 - 1595 = k. What are the prime factors of (0 + (-1)/3)/(-1)*d?
5
Let h(c) = 366*c**2 + 2*c. Suppose 5*b + 7 = g - 0*g, -5*g = -5*b + 5. Let a be h(b). Suppose 3*p = -2*p + a. List the prime factors of p.
2, 73
Let i = -17 - -24. Let d be (-4)/(-14) - (960/(-21) - i). Suppose 4*w - 177 = 3*u, 2*w + u - d = 28. List the prime factors of w.
2, 3, 7
Suppose -f + 2*j + 36 = -0*j, -j = 4*f - 171. Let m = f - 38. What are the prime factors of -16*(m - (-19)/(-2))?
2, 11
Suppose 0 = 4*g + 4*v, 0 = -5*g - v - 11 - 5. List the prime factors of 57*(-224)/(-21)*(-2)/g.
2, 19
Let h be 426/9 + (-3)/9. Suppose 0 = -9*x + 2*x + 266. Let y = h - x. What are the prime factors of y?
3
Suppose 0 = -9*m + 36 + 18. List the prime factors of ((-346)/m)/(3/(-27)).
3, 173
Let v = 643 - 17. Suppose 0 = -3*h + 2*c + v, -4*h + 130 = -5*c - 693. List the prime factors of h.
2, 53
What are the prime factors of (-8)/((-88)/19811)*1?
1801
Let a(f) be the first derivative of -119*f**2/2 - 11*f + 100. What are the prime factors of a(-1)?
2, 3
Let u = 7576 - -1479. List the prime factors of u.
5, 1811
Let r(l) = 17*l - 35. Let q(u) = -16*u + 37. Let b(n) = -4*q(n) - 3*r(n). What are the prime factors of b(7)?
2, 3
Suppose 451 = -2*w + m, 267 = -3*w - 3*m - 432. Let i = 384 - w. Suppose -4*l - 66 + 693 = a, -4*a = 4*l - i. List the prime factors of l.
2, 79
Let g(f) = f**3 + 2*f**2 - 5*f - 860. Let m be g(0). Let h = 1378 + m. List the prime factors of h.
2, 7, 37
Suppose 3*a = y - 33, 3*y - 3*a = -2*a + 131. Let s = y - 29. Let g = s + 39. What are the prime factors of g?
5, 11
Let c(v) = -86*v - 23. Let s be c(-9). Let d = s + 91. List the prime factors of d.
2, 421
What are the prime factors of (-152)/684 + 400097/9?
5, 17, 523
Suppose 6*n + 5*l - 37100 = -4*n, 5*n - 18548 = -3*l. List the prime factors of n.
2, 29
Suppose -3*m = -3*k - 2*m - 388, -380 = 3*k - 5*m. Let i be (4 + k/1)/(-2 + 1). Suppose 0*p + r = -2*p + 237, p = -2*r + i. List the prime factors of p.
2, 29
Suppose 16*j + 576 = 48*j. Suppose 10312 = j*a - 1172. List the prime factors of a.
2, 11, 29
Let k(s) = 37*s + 81. Let m be k(19). Let l = -77 + m. What are the prime factors of l?
7, 101
Suppose -32 = -3*s - 29. Let x be 2 + -5 + 15 + s. What are the prime factors of (x/((-26)/(-4)))/((-2)/(-17))?
17
Let c = 282 + -118. Let y = c - 70. Let a = y - 53. What are the prime factors of a?
41
Suppose -50*u + 128263 = -32637. What are the prime factors of u?
2, 1609
Suppose 1120 = -39*f + 53*f. Suppose -s = 0, 3*y = -y - 2*s + 248. Let o = f - y. List the prime factors of o.
2, 3
Let h(x) = 55*x**2 - 2*x + x + 3 - 54*x**2. Let m be h(0). Let g(k) = 24*k + 11. What are the prime factors of g(m)?
83
Let z(h) = 2*h**2 - 24*h - 22. Let l(w) = 2*w**2 - 23*w - 23. Let o(s) = -4*l(s) + 3*z(s). Let j be o(11). Suppose -j*c = -85 - 91. List the prime factors of c.
2, 11
Suppose -v = 8*v - 54. Suppose 5 = v*h - 7. Suppose -9*j - 192 = -12*j + 3*z, h*j - 158 = -4*z. List the prime factors of j.
3, 23
Let s(j) = -100*j - 26. Let r be s(-9). Let c = -572 + r. What are the prime factors of c?
2, 151
Let t(k) = 8*k**2 - 4*k - 85. Let b be t(-7). What are the prime factors of (b*(-1)/2)/(6/(-12))?
5, 67
Suppose -3*b - 4*k = -8*b + 14819, 5*b + k = 14839. Let f = b - 1767. What are the prime factors of f?
2, 3, 5
Suppose 0 = 2*c - 2 - 2. Suppose 0 = o + 13 - 20. Let u = o + c. What are the prime factors of u?
3
Suppose 898683 - 3763707 = -128*y. List the prime factors of y.
3, 829
Let p = 126 - 69. Suppose 50 = -58*s + p*s. Let k = 172 + s. What are the prime factors of k?
2, 61
Suppose -b - 81 = 5*g, -b + g = b + 184. Suppose 0 = -2*x - 70 + 68, 3*a + x + 229 = 0. Let w = a - b. List the prime factors of w.
3, 5
Suppose -6 = 3*f, -100511 + 14329 = -4*j - 5*f. What are the prime factors of j?
2, 5387
Let c = -29628 + 61488. List the prime factors of c.
2, 3, 5, 59
Suppose -3*j + 743*n = 741*n - 51653, -j + 2*n + 17215 = 0. List the prime factors of j.
67, 257
Suppose -10 = -4*k + 10. Suppose 2*o - 29 - 9 = -2*s, 57 = 3*s + k*o. Suppose -6*h - s = -277. List the prime factors of h.
43
List the prime factors of (-15 - -19 - (-6098)/4)/((-4)/(-8)).
3, 1019
Let r be 2432/6 + 2/(-6). Let i = r + 77. Suppose i = 4*c + c + 3*t, -3*t - 488 = -5*c. What are the prime factors of c?
97
Let h(t) = 4*t**3 + 2*t**2 + t. Let f be h(-1). Let n be (-7 - -2)/(f/3). Suppose 2*o = -3*x + 111, -n*x + 113 + 67 = 5*o. What are the prime factors of x?
3, 13
Suppose 4*o - 1 + 9 = 0, -248 = -5*p + 4*o. Suppose 2*r - q - 90 = 0, q = -r - 4 + 52. Let h = p - r. List the prime factors of h.
2
Let t = 134 + -94. Let g = t + -35. Suppose -2*m = -g*x - 3*m + 399, 3*m = -2*x + 157. What are the prime factors of x?
2, 5
Let d(l) = -l**3 + 3*l**2 + 5*l - 1. Let u be d(4). Let x = -191 - -540. Suppose -5*b + x = 4*n, 4*n = u*b + 2*n - 227. What are the prime factors of b?
73
Let b be ((-18)/(-8) - 2) + 23/4. Suppose -11*q + b*q + 175 = 0. Suppose -l + 12 = -q. List the prime factors of l.
47
Let g = -2346 - -6548. List the prime factors of g.
2, 11, 191
Let t(p) = 101*p + 379*p + 15 - 66. List the prime factors of t(4).
3, 7, 89
Let o = 36881 - 25519. List the prime factors of o.
2, 13, 19, 23
Let m = -13068 - -25490. What are the prime factors of m?
2, 6211
Suppose -3*n - 9 = 3*l - 210, -n = 2*l - 62. Suppose 0 = -n*u + 78*u - 3780. List the prime factors of u.
2, 3, 5, 7
Let p = -31 - -33. Let w(n) = -3*n + 7. Let y be w(0). Suppose p*o - y*o = -425. What are the prime factors of o?
5, 17
List the prime factors of (0 + -8 - (-25)/(1500/5240))*201.
2, 7, 17, 67
Suppose -20 = -2*t + 2*u - 8, -3*t - u + 2 = 0. Suppose -t*m + 3*m = 265. Suppose n = -4*n + m. What are the prime factors of n?
53
Suppose -4*b - 18052 = -4*o, 0*o - 5*o + 4*b = -22564. Suppose -9*m + o = -6*m. List the prime factors of m.
2, 47
Let u(y) = 4*y - 17. Let z be u(7). Suppose 5 - 27 = z*l. What are the prime factors of ((-400)/(-32))/((-3)/l + -1)?
5
Suppose -5*c - 3*q + 406 = 0, 0 = -7*c + 3*c - 5*q + 330. Let h be 1/8 - 180170/c. What are the prime factors of h/(-10) + 8/(-40)?
3, 5
Let a = 75511 - 29136. What are the prime factors of a?
5, 7, 53
Suppose 0 = 4*c + l - 92053, -c + 7*l + 23012 = 6*l. List the prime factors of c.
3, 2557
Let g(b) = 66*b**3 + 3*b**2 - 3*b + 2. Let a be (-4)/((-5)/(25/10)). What are the prime factors of g(a)?
2, 67
Let a(v) = 3*v**3 + 34*v**2 - 64*v - 6. List the prime factors of a(12).
2, 3, 11, 47
Let z be 77/(-112)*-1916 - 2/8. Suppose -6*x = -z - 1485. What are the prime factors of x?
467
Let t be ((-15)/(-3))/(-1) - -4. Let j be 3515/76 + t/4 - 4. Let f = 150 + j. What are the prime factors of f?
2, 3
Let q(i) = 5*i + 22. Let s be q(-3). Suppose d = -2*a + 3*a - s, 4*a - 7 = -3*d. What are the prime factors of a?
2
Suppose 88 = 18*q - 2. Suppose q*l = 7*l - 622. What are the prime factors of l?
311
Let y = -257 - -3071. List the prime factors of y.
2, 3, 7, 67
Let k be -5 + -4 + (-2 - -5). Let v be (16/6)/4 + 298/k. Let o = 110 + v. List the prime factors of o.
61
Let x(w) be the second derivative of -19*w**5/10 + w**4/12 - 2*w**3/3 - 3*w**2 - 32*w. List the prime factors of x(-2).
2, 5, 31
Suppose -7 + 0 = 3*x - 4*i, -4*x = 4*i + 56. Let w be (-33)/(-44) + x/(-4). List the prime factors of 126 - ((-9)/6)/(w/6).
3, 43
Let q(u) = 20*u - 3150 + 3132 - 39*u - 109*u. What are the prime factors of q(-4)?
2, 13, 19
Let t(b) = -5*b**3 + 11*b**2 + 56*b + 336. List the prime factors of t(-7).
2, 7, 157
Let w be ((-9)/(-6))/(-3*2/(-16)). Let p be 2/(w*(-1)/(-8)). List the prime factors of 161/p + (-39)/12 + 3.
2, 5
Let z(v) = -12 + 9*v**2 + 7*v**2 + v - 2*v**2 - 10*v